48
Suppose -71*h = -22*h - 9800. What is the remainder when h is divided by 67*(-3)/6*-2?
66
Let b(j) = -j**2 - 15*j - 2. Let h = -134 + 122. Let w be b(h). Suppose -2*x = -z - 0*x + w, 4*x = -z + 34. Calculate the remainder when z is divided by 9.
7
Let d = 421 + -213. Let n = -181 + d. Suppose -k - 17 = -v, -k = -5*v + 9 + 64. Calculate the remainder when n is divided by v.
13
Let d be 2/6 + 5786/66. Suppose 4*i - d = 3*h, i + 46 = 3*i - h. What is the remainder when i is divided by 13?
12
Let j(m) = 173*m + 2598. Let g = -10 + 12. Suppose 0 = g*v + 3*v - 5. What is the remainder when j(-15) is divided by v?
0
Let j(u) = -14*u**2 + 4*u - 3. Let n be j(3). Suppose 447 = 3*f + 4*s - 98, 4*s - 20 = 0. Let c = n + f. Calculate the remainder when c is divided by 12.
10
Let h(u) = -u**3 + 9*u**2 - 64*u + 468. What is the remainder when 106 is divided by h(8)?
6
Let g = -5 + 21. Let r = -16 + g. Suppose r = 3*b - 5*a - 17, 5*b = -4*a + 8*a + 37. Calculate the remainder when 33 is divided by b.
6
Suppose -3*w = -6*w - 2*l + 978, 4*w + 3*l = 1305. Let m be -214 - -3*(-2)/(30/35). Let y = w + m. What is the remainder when y is divided by 26?
25
Let x = -1324 + 1360. Let l be -1*1 + -18 + -2. Let s = l + x. Calculate the remainder when 87 is divided by s.
12
Let i = -193 - -241. What is the remainder when 2782 is divided by i?
46
Suppose 2*v = 129 + 77. Suppose -75 = 2*k - v. Calculate the remainder when 165 is divided by k.
11
Calculate the remainder when 193 is divided by ((-108)/(-21))/((-250)/(-875)).
13
Let d = -5598 + 6964. What is the remainder when d is divided by 106?
94
Let h(b) = 414*b - 3081. Calculate the remainder when 528 is divided by h(8).
66
Let f(u) = u**3 + 26*u**2 - 5*u - 73. Suppose -4*m + 42 = -18. Calculate the remainder when f(-26) is divided by m.
12
Suppose -88*t = -42*t - 322. What is the remainder when t is divided by 5?
2
Let n(c) = c**3 + 13*c**2 - c - 5. Let x be 1*(3 + 1 - (-2 - -1)). Suppose -x*u - 25 = -10*u. Calculate the remainder when n(-13) is divided by u.
3
Let w = 3 - 3. Suppose w = -0*b - 2*b + 120. Suppose -2*n - x + b - 1 = 0, -3*n + 5*x + 108 = 0. Calculate the remainder when 89 is divided by n.
27
Calculate the remainder when (161 - 2 - (-4 + -3))/(2 - 0) is divided by 15.
8
Let k = -7711 + 8390. What is the remainder when k is divided by 67?
9
Let w be 4/12 - (-64)/(-12) - -5. Suppose 0 = q - w*q - 2*z - 44, z = 2. What is the remainder when q is divided by 41?
7
Suppose -h - 4*d + 20309 = 0, -h + 133*d + 20285 = 131*d. What is the remainder when h is divided by 59?
56
Suppose b + 95 = -v + 118, -b = -5*v - 35. Calculate the remainder when 1871 is divided by b.
21
Suppose 16*q = -2309 - 3563. Let a = 437 + q. What is the remainder when a is divided by 10?
0
Let b = 537 - 385. Suppose 4 + 47 = 3*h. Calculate the remainder when b is divided by h.
16
Let l = 6832 + -6820. Calculate the remainder when 426 is divided by l.
6
Let t(z) = 157*z - 3595. Calculate the remainder when 994 is divided by t(23).
2
Let c = 1012 + -981. Let g(i) = -5*i + 4. Let x be g(6). Let y = x + c. What is the remainder when 12 is divided by y?
2
Let j = -122 - -119. Let c(k) = -k**3 - 4*k**2 - 4*k - 2. Let i = 2 + 5. Calculate the remainder when i is divided by c(j).
0
Suppose -12308 = -182*v + 17358. Suppose 48 = 4*c - 28. What is the remainder when v is divided by c?
11
Let o(b) = 2*b**2 + 255*b + 10798. What is the remainder when o(-130) is divided by 19?
10
Let f(c) = -22*c**2 + 1. Let u be f(-1). Let x = u - -32. Calculate the remainder when x is divided by -16*(-21)/(-42)*(15/24 - 1).
2
Let i(h) = -h**3 - 9*h**2 - 18*h - 19. What is the remainder when 114 is divided by i(-7)?
6
Suppose 14*t - 649 + 495 = 798. What is the remainder when 386 is divided by t?
46
Let g be (-12)/((-8)/2)*(-1 + 2). What is the remainder when 109 is divided by -4 + 2 + 108/g?
7
Let h be ((-4)/10 + (-18)/(-20))*14. Suppose h*b - 5*b = 2. What is the remainder when 46 - (1 - -1) - (b - 2) is divided by 24?
21
Suppose -76*q = -80*q + 16. Suppose 2*p + q*t - 34 = 0, 4*p - 10*t = -7*t + 46. Calculate the remainder when p is divided by 9.
4
Let c = 3537 - 2830. What is the remainder when c is divided by 79?
75
What is the remainder when (-1420419)/(-17787) - (0 + 2)*(-4)/56 is divided by (1 - 0)*(-49)/(-1)?
31
Let c(z) = -8*z**3 - 125*z**2 + 56*z + 197. Suppose -2 = -2*u, -15 = -2*n - u - 0*u. Let i = 1 + n. What is the remainder when c(-16) is divided by i?
5
Let u(h) = h - 12. Let c be u(14). Suppose c*d - 1 = 27. What is the remainder when (-1 + -52 - 1)/(-2) is divided by d?
13
Suppose -2*a = 5*m + 65, 2*a + 0*a + 4*m = -62. Let v = 51 + a. Suppose 203*r - 222*r + 133 = 0. Calculate the remainder when v is divided by r.
5
Let s be 1293/6 + (-21)/14. Let n = s + -142. Calculate the remainder when n is divided by 16.
8
Suppose 0 = 3*h - 131 + 116. Let v be 0 + 2 + 1 - -2. Suppose 138 = 5*u - v*n + 3*n, 0 = 2*u + h*n - 61. Calculate the remainder when 52 is divided by u.
24
Suppose -5*k = 375 - 2445. Calculate the remainder when k is divided by 136.
6
Let k(t) = 4*t**2 + 141*t - 2800. Calculate the remainder when k(20) is divided by 32.
20
Let l = -325 - -343. Suppose 3*w - 14 = -5*d, -w - w = -d - l. Calculate the remainder when 190 is divided by w.
6
Suppose -3*h - 149 = -2*s, -4*s - 4*h = -114 - 154. Suppose -45 = -22*q + 17*q. Suppose -q*n + 97 = -38. Calculate the remainder when s is divided by n.
10
Suppose -3*i + 6*i + 5*o = 355, -530 = -5*i + 4*o. What is the remainder when i is divided by (248/(-186))/(1/(-42))?
54
Let v(b) = 11*b**2 + 64*b - 7. Let p be v(-6). Suppose 0 = 4*t + p*h - 74, 3*h + 90 = 4*t - 0*t. Calculate the remainder when 145 is divided by t.
19
Suppose 247*t - 299*t + 21892 = 0. What is the remainder when t is divided by 31?
18
Let l = -2798 + 4599. What is the remainder when l is divided by 1795?
6
Let o(z) = 7*z - 6. Suppose 6*v - 150 - 72 = 0. Let f = v - 33. What is the remainder when 107 is divided by o(f)?
19
What is the remainder when 298 is divided by ((-52)/(-12) - 4)/((-49)/(-9555))?
38
Let w = -300916 - -301254. Calculate the remainder when w is divided by (-2 + 4)*-1 + 60.
48
Let k(o) = 26*o - 2189. What is the remainder when 6739 is divided by k(85)?
19
Suppose -3*o - 2 = 2*u, -o - 4*u + 5*u = -1. Suppose -10*t - 1715 = -5*j - 7*t, -2*j - 3*t + 686 = o. Calculate the remainder when j is divided by 43.
42
Calculate the remainder when 6997 - (-16 - (2 + -16)) is divided by 10.
9
Let c be 1/((-2)/(-1) - (-339)/(-169)). Calculate the remainder when -2 + c/(-4) + 18/24 is divided by 12.
5
Let i(p) = 7*p - 37. Suppose 5*v + 0*v + 15 = 0, -v - 28 = -5*y. Let f(u) = u**2 - 2*u - 6. Let x be f(y). Calculate the remainder when 76 is divided by i(x).
24
Let w(x) = -21*x**2 - 148*x - 9. Let t be w(-7). Suppose -21 = -2*c + 5. What is the remainder when 26 + 3 + t + 4 is divided by c?
5
Let o = 597 + -618. What is the remainder when -2*o/(-28)*376/(-6) is divided by 5?
4
Let n = 65 - 122. Let j = -47 - n. Suppose -7*g + 30 + 5 = 0. Calculate the remainder when j is divided by g.
0
Let v = 19461 + -19013. What is the remainder when v is divided by 445?
3
Let p be 1/(8032/(-2680) + 3). Let g = p + -328. Suppose 96 = 5*l - 2*o - 2, -3*o + 63 = 3*l. What is the remainder when l is divided by g?
6
Let b = 9025 - 9006. Calculate the remainder when 2156 is divided by b.
9
Suppose 169 + 387 = y - 4*v, 0 = -2*y - 4*v + 1160. Let j = y + -501. What is the remainder when j is divided by 70?
1
Suppose 2*t - s = 152, 152*t - 147*t - 3*s = 376. Calculate the remainder when 289 is divided by t.
49
What is the remainder when 621 is divided by 5/(-2)*-10 - (9 - 4)?
1
Suppose -202 + 2 = -50*v. Suppose 4*g - 37*k = -39*k + 60, 60 = v*g - 3*k. What is the remainder when 569 is divided by g?
14
Suppose 11*i = 5*i + 6138. Let a = i + -932. Suppose -6*j = 3*q - 2*j - 137, -4*q + 186 = 2*j. Calculate the remainder when a is divided by q.
44
Let j(s) = -2*s**2 + 161*s - 2291. Suppose 0 = -4*b + b - 4*y + 127, 0 = -2*y + 8. Calculate the remainder when j(32) is divided by b.
36
Let t = -2918 - -2937. Calculate the remainder when 3341 is divided by t.
16
Let w(r) be the third derivative of -r**5/60 - 17*r**4/24 + 35*r**3/6 + 3*r**2 + r. Calculate the